 be (-4)/(-22) - 84/c. Suppose 0 = a*g - 5*g + 3. Calculate the greatest common factor of g and 12.
3
Suppose -67071 = -40*q - 12671. What is the greatest common divisor of 34 and q?
34
Let p(q) = -q**2 + 7*q + 1. Let i be 140/25 + (-4)/(-10). Let w be p(i). Let k(f) = -2*f + 56. Let a be k(0). Calculate the greatest common factor of w and a.
7
Let i(c) = -32*c + 144. Let m be i(4). Let x = 7 - 3. What is the highest common divisor of m and x?
4
Let w(s) = -32*s - 86. Let b be w(-3). What is the greatest common divisor of 490 and b?
10
Let u(m) = -14*m - 140. Let r(a) = -7*a - 70. Let b(p) = -7*r(p) + 4*u(p). Let s be b(-14). Calculate the highest common factor of s and 84.
28
Let f(m) = 8*m - 16. Let u be f(4). Let n be (0 - 24)/(21/(-112)). Calculate the highest common divisor of u and n.
16
Let l(f) = f**2 + 3*f - 1. Suppose -5*d + 15 = -3*w, w = 4*w. Suppose d*y = 2*u + 8, 0*y = -2*y. Let c be l(u). Calculate the highest common factor of c and 9.
3
Let b be 0/(-3) - -3*13. Let k(w) = 80*w - 451. Let n be k(11). Calculate the greatest common factor of b and n.
39
Let p be 16/(-20)*(-8285)/2. Let m be (-22)/99 - p/(-9). Suppose 24*a = 26*a - m. What is the greatest common divisor of a and 23?
23
Let b be 3/(-1) + 15/3. Suppose b*g + 286 = 76. Let s be ((-72)/(-10))/((-6)/g). What is the highest common factor of s and 14?
14
Let s = 245 + -133. Let a = -796 + 812. Calculate the greatest common factor of a and s.
16
Let j = -167 - 433. Let p be j/(-18) + 2/(-6). Let q = -5 + p. Calculate the highest common factor of q and 140.
28
Let x(u) = u**3 - 65*u**2 + 476*u + 9. Let q be x(8). Calculate the highest common divisor of q and 1.
1
Suppose 119 = -5*i + 24. Let b = i + 21. Suppose 79 = 5*y + w + 2*w, b*y + 4*w - 26 = 0. What is the highest common factor of y and 119?
17
Let n(a) = -2*a - 2*a + a + 2*a. Let b be n(8). Let l = 47 - b. Calculate the greatest common factor of 5 and l.
5
Suppose -3*o + 20 = o. Suppose 2*t = -o*h + 230, 0*t + t = 5*h - 245. Suppose 0*i + 2*i = h. What is the highest common factor of 3 and i?
3
Suppose 4*o + 7 + 17 = 0. Let z(n) = -4*n + 32. Let c be z(o). Calculate the highest common factor of 8 and c.
8
Let o(l) = -123*l + 6. Let r = -51 - -49. Let a be o(r). Calculate the greatest common factor of a and 36.
36
Let s(l) = l**3 - 7*l**2 + 3*l - 15. Let b be s(8). Suppose -8*d + 865 = b. What is the highest common divisor of d and 11?
11
Let s = 322 + -308. What is the greatest common factor of 70 and s?
14
Suppose -692 - 52 = -8*f. Calculate the greatest common divisor of 310 and f.
31
Let d = 385 - -585. Calculate the highest common divisor of 10 and d.
10
Let d be -1 + 1/((-4)/(-40)). Let n be (d/2)/3*2. Calculate the highest common factor of 3 and n.
3
Let b be (174/(-1))/(6/(-8)). Let d = b + -28. Let h = d - 141. Calculate the highest common factor of 7 and h.
7
Suppose -249*s = -246*s - 30. What is the highest common factor of 80 and s?
10
Let p(j) = 2*j + 15. Let v = -4 - 2. Let s be p(v). Suppose -18 = s*f - 4*f - 3*r, -4*f = 4*r - 56. What is the greatest common divisor of 132 and f?
12
Let p = -1744 - -1996. What is the greatest common factor of p and 36?
36
Let q(o) be the third derivative of o**5/60 + o**4/12 - o**3/6 + 4*o**2. Let b be q(-3). Suppose 6 = 4*u - 6. Calculate the greatest common factor of b and u.
1
Let b = 25 + -26. Let v be (b + (-204)/(-6))/(3/2). Let y(g) = 15*g**2 - 3*g + 1. Let p be y(2). Calculate the greatest common factor of v and p.
11
Let r(u) = -31*u - 3. Let i(b) = b. Let j(a) = 6*i(a) - r(a). Let w be j(-2). Let g = -35 - w. What is the greatest common divisor of 24 and g?
12
Let h = -520 - -655. Let v = -15 + 69. What is the greatest common divisor of h and v?
27
Let o be (2/4)/(13/(-104)). Let x be (-2 - (-52)/16)*o. Let l(c) = -c**3 + 6*c - 7. Let z be l(x). Calculate the highest common divisor of z and 11.
11
Let o(k) = -3*k**3 - 4*k**2 + 10*k - 5. Let r be o(-5). Suppose 0 = -8*v + 13*v - r. What is the highest common divisor of 8 and v?
4
Let y = 1149 + 358. Calculate the highest common divisor of 22 and y.
11
Let b(q) = -q**3 - 4*q**2 + 3. Let i be b(-4). Suppose -i*a + 4 = 1. Calculate the greatest common factor of a and 1.
1
Suppose 4*h - 2*i - 131 = i, 0 = -3*h + 3*i + 102. Suppose -72 = -33*s + h*s. Calculate the highest common divisor of 2 and s.
2
Suppose 23*q = 16*q + 280. What is the greatest common divisor of 5 and q?
5
Suppose a = -1 + 3. Let l be (-54)/10 + (-2)/(-5). Let i be 31/5 - (-1)/l. What is the highest common factor of a and i?
2
Suppose 3*w + 2*w - 3*f - 1427 = 0, -3*w + 5*f = -853. Calculate the greatest common factor of 26 and w.
26
Suppose 2*l = 4*v + 64, -v - 6*l + 4*l = 16. Let h be ((-6)/(-4) + -4)/(4/v). What is the highest common divisor of 90 and h?
10
Let s be (-1 + -32)*(-6)/18. Let r = -313 - -379. Calculate the greatest common factor of r and s.
11
Suppose -4*q = -5*g + 14040, g = -3*g - 4*q + 11268. What is the greatest common factor of 76 and g?
76
Let u(b) = 22*b + 70. Let o be u(5). Calculate the greatest common divisor of o and 144.
36
Suppose 0 = 6*y + 376 - 952. What is the highest common divisor of y and 12?
12
Suppose -343 + 32 = -3*s - z, 4*z - 299 = -3*s. What is the highest common divisor of 21 and s?
21
Suppose -1 = -u + 2*u. Let d be 36/u*(-24)/9. What is the greatest common divisor of 24 and d?
24
Let k(t) = -t - 23. Let r be k(-12). Let u(s) = -s**3 - 11*s**2 - 5*s - 26. Let f be u(r). Let w = 7 - -254. Calculate the highest common divisor of w and f.
29
Suppose -4*h - c + 74 + 154 = 0, 0 = h - c - 52. Calculate the highest common divisor of h and 8.
8
Suppose 43*n + 275 = 47*n - 5*j, 2*n + 3*j - 121 = 0. What is the greatest common factor of n and 247?
13
Let k be -2 + ((-8)/(-6))/(13/117). Let x be 8 + 4 + k/(-5). What is the greatest common divisor of x and 40?
10
Let z = 208 + -194. Calculate the greatest common factor of 266 and z.
14
Let b(m) = m**3 + 14*m**2 + 26*m + 38. Let w be b(-12). Suppose 0 = 4*k - 0*k - 28. What is the highest common divisor of w and k?
7
Let j be (4 - 3)/((-4)/(-16)). Suppose -9*a = -j*a - 70. Calculate the highest common divisor of 42 and a.
14
Let n be (-500)/(-40)*(-12)/(-5). Calculate the highest common factor of n and 70.
10
Suppose v - 3*c = -1, -5*v = -8*v - 4*c + 23. Suppose 5*f = -v*f + 40. Calculate the greatest common divisor of 44 and f.
4
Let i(d) = 8*d + 52. Let w be i(-5). Let l be 2/w + 6 + 376/48. Let b(h) = -26*h - 4. Let y be b(-5). What is the highest common factor of y and l?
14
Suppose 0*x - 28 = -4*x. Let q = 1561 + -1386. Calculate the highest common divisor of q and x.
7
Let g be (1/4 - (-70)/(-8))*2. Let z = 22 + g. Let m be 3 + -1 - -1*43. Calculate the highest common factor of m and z.
5
Let y(p) = p**2 + 14*p - 9. Let k be y(9). Suppose v = -v + k. Suppose 0*s = s - v. Calculate the highest common divisor of 11 and s.
11
Let q = -70 - -130. Let u(t) = -t + 2. Let c be u(-10). Calculate the greatest common divisor of q and c.
12
Let z(b) = b**2 - 9*b - 2. Let i be z(7). Let h = 28 - i. Suppose -56 - 54 = -5*j. Calculate the greatest common factor of j and h.
22
Let n(g) = -7*g**2 + 12*g + 6. Let h be n(2). What is the greatest common divisor of 94 and h?
2
Suppose 0 = i + 2*b - 12, 2*i + 2 = 3*i - 3*b. Calculate the greatest common divisor of i and 4.
4
Let m(x) = -x**2 - 3*x + 7. Let h be m(-4). Suppose h*q = q + 4*u + 208, 0 = 5*q - 2*u - 504. What is the greatest common divisor of 25 and q?
25
Let z(j) = 53*j**2 - 8*j - 22. Let w be z(-2). Let k = w + -126. What is the highest common divisor of k and 40?
40
Let z = -16 + 22. Let a be z + (2 - 6/2). Suppose -3*h - 2*h - 20 = -a*k, 0 = -4*k - 3*h + 16. What is the highest common factor of 4 and k?
4
Let d = 279 + -235. What is the highest common divisor of 22 and d?
22
Suppose 30*t - 47*t = -986. Calculate the highest common factor of t and 203.
29
Suppose 53*z = 166*z - 18984. What is the greatest common factor of 35 and z?
7
Let v be (-20)/(-3)*(7 + -2 + -20). Let p = -67 - v. What is the greatest common factor of 198 and p?
33
Let w(j) = 3*j**2 + 5*j + 2. Let q be w(-4). What is the greatest common factor of q and 150?
30
Let s be (-5 - -9) + 2/2. Suppose -w = 2*o - 46, 0 = -s*w + w + o + 229. What is